23
What are the prime factors of 6367?
6367
List the prime factors of 955.
5, 191
List the prime factors of 9918.
2, 3, 19, 29
What are the prime factors of 145?
5, 29
What are the prime factors of 16960?
2, 5, 53
List the prime factors of 566.
2, 283
List the prime factors of 609.
3, 7, 29
What are the prime factors of 1440?
2, 3, 5
List the prime factors of 457.
457
What are the prime factors of 8033?
29, 277
List the prime factors of 26890.
2, 5, 2689
What are the prime factors of 52232?
2, 6529
List the prime factors of 9247.
7, 1321
What are the prime factors of 26659?
53, 503
List the prime factors of 19662.
2, 3, 29, 113
List the prime factors of 291.
3, 97
List the prime factors of 4170.
2, 3, 5, 139
List the prime factors of 173860.
2, 5, 8693
What are the prime factors of 1854?
2, 3, 103
What are the prime factors of 12089?
7, 11, 157
List the prime factors of 3455.
5, 691
List the prime factors of 35511.
3, 7, 19, 89
List the prime factors of 355.
5, 71
List the prime factors of 76895.
5, 7, 13
What are the prime factors of 10621?
13, 19, 43
List the prime factors of 2740.
2, 5, 137
What are the prime factors of 2588?
2, 647
What are the prime factors of 8717?
23, 379
List the prime factors of 7731.
3, 859
What are the prime factors of 1628?
2, 11, 37
List the prime factors of 2699.
2699
List the prime factors of 441.
3, 7
What are the prime factors of 42429?
3, 14143
What are the prime factors of 390?
2, 3, 5, 13
List the prime factors of 11077.
11, 19, 53
What are the prime factors of 25147?
25147
List the prime factors of 1818.
2, 3, 101
List the prime factors of 13123.
11, 1193
List the prime factors of 28553.
7, 4079
What are the prime factors of 776?
2, 97
List the prime factors of 49330.
2, 5, 4933
List the prime factors of 558.
2, 3, 31
What are the prime factors of 8672?
2, 271
List the prime factors of 65201.
113, 577
What are the prime factors of 1147?
31, 37
What are the prime factors of 827?
827
What are the prime factors of 17384?
2, 41, 53
What are the prime factors of 14?
2, 7
What are the prime factors of 20669?
11, 1879
What are the prime factors of 51331?
7, 7333
What are the prime factors of 5765?
5, 1153
List the prime factors of 11268.
2, 3, 313
List the prime factors of 13234.
2, 13, 509
List the prime factors of 45012.
2, 3, 11, 31
What are the prime factors of 26536?
2, 31, 107
List the prime factors of 6922.
2, 3461
List the prime factors of 5287.
17, 311
What are the prime factors of 5719?
7, 19, 43
What are the prime factors of 70570?
2, 5, 7057
What are the prime factors of 31474?
2, 15737
List the prime factors of 1226.
2, 613
List the prime factors of 1803.
3, 601
List the prime factors of 101609.
17, 43, 139
List the prime factors of 62703.
3, 6967
List the prime factors of 11417.
7, 233
List the prime factors of 296.
2, 37
What are the prime factors of 16722?
2, 3, 929
List the prime factors of 123196.
2, 19, 1621
List the prime factors of 1629.
3, 181
What are the prime factors of 7474?
2, 37, 101
List the prime factors of 7468.
2, 1867
What are the prime factors of 163040?
2, 5, 1019
List the prime factors of 19651.
43, 457
List the prime factors of 33016.
2, 4127
List the prime factors of 9485.
5, 7, 271
What are the prime factors of 18018?
2, 3, 7, 11, 13
What are the prime factors of 510?
2, 3, 5, 17
What are the prime factors of 110584?
2, 23, 601
List the prime factors of 912.
2, 3, 19
List the prime factors of 12044.
2, 3011
What are the prime factors of 27909?
3, 7, 443
List the prime factors of 19844.
2, 11, 41
List the prime factors of 862.
2, 431
What are the prime factors of 11917?
17, 701
List the prime factors of 27399.
3, 9133
What are the prime factors of 408?
2, 3, 17
What are the prime factors of 133?
7, 19
List the prime factors of 983.
983
What are the prime factors of 26788?
2, 37, 181
What are the prime factors of 2913?
3, 971
What are the prime factors of 1097?
1097
List the prime factors of 3370.
2, 5, 337
What are the prime factors of 1059?
3, 353
What are the prime factors of 1886?
2, 23, 41
What are the prime factors of 4407?
3, 13, 113
List the prime factors of 7394.
2, 3697
What are the prime factors of 155852?
2, 47, 829
What are the prime factors of 17548?
2, 41, 107
List the prime factors of 3882.
2, 3, 647
List the prime factors of 1084.
2, 271
List the prime factors of 1117.
1117
What are the prime factors of 1685?
5, 337
What are the prime factors of 28464?
2, 3, 593
What are the prime factors of 4044?
2, 3, 337
What are the prime factors of 16033?
16033
What are the prime factors of 1313?
13, 101
List the prime factors of 1749.
3, 11, 53
List the prime factors of 9087.
3, 13, 233
What are the prime factors of 489?
3, 163
What are the prime factors of 6889?
83
What are the prime factors of 34062?
2, 3, 7, 811
List the prime factors of 39902.
2, 71, 281
List the prime factors of 13679.
13679
What are the prime factors of 9061?
13, 17, 41
List the prime factors of 93013.
47, 1979
List the prime factors of 2546.
2, 19, 67
List the prime factors of 116194.
2, 13, 41, 109
List the prime factors of 20255.
5, 4051
What are the prime factors of 11841?
3, 3947
List the prime factors of 12419.
11, 1129
List the prime factors of 335.
5, 67
What are the prime factors of 1476?
2, 3, 41
What are the prime factors of 11805?
3, 5, 787
What are the prime factors of 162786?
2, 3, 13, 2087
What are the prime factors of 24782?
2, 12391
List the prime factors of 347.
347
List the prime factors of 3695.
5, 739
What are the prime factors of 2138?
2, 1069
List the prime factors of 35047.
101, 347
What are the prime factors of 63984?
2, 3, 31, 43
List the prime factors of 2526.
2, 3, 421
What are the prime factors of 1341?
3, 149
List the prime factors of 11185.
5, 2237
What are the prime factors of 1223?
1223
What are the prime factors of 9307?
41, 227
List the prime factors of 1818.
2, 3, 101
What are the prime factors of 18916?
2, 4729
List the prime factors of 773.
773
What are the prime factors of 26586?
2, 3, 7, 211
What are the prime factors of 20?
2, 5
List the prime factors of 3828.
2, 3, 11, 29
List the prime factors of 17038.
2, 7, 1217
List the prime factors of 94237.
11, 13, 659
What are the prime factors of 2498?
2, 1249
List the prime factors of 538.
2, 269
What are the prime factors of 36787?
36787
What are the prime factors of 32456?
2, 4057
List the prime factors of 14849.
31, 479
List the prime factors of 724.
2, 181
List the prime factors of 4284.
2, 3, 7, 17
What are the prime factors of 397?
397
What are the prime factors of 1143?
3, 127
List the prime factors of 16113.
3, 41, 131
List the prime factors of 44255.
5, 53, 167
What are the prime factors of 1953?
3, 7, 31
List the prime factors of 1492.
2, 373
What are the prime factors of 3591?
3, 7, 19
List the prime factors of 15521.
11, 17, 83
What are the prime factors of 66558?
2, 3, 11093
List the prime factors of 46.
2, 23
List the prime factors of 11340.
2, 3, 5, 7
What are the prime factors of 2199?
3, 733
List the prime factors of 398.
2, 199
What are the prime factors of 981?
3, 109
List the prime factors of 3179.
11, 17
List the prime factors of 6630.
2, 3, 5, 13, 17
What are the prime factors of 54625?
5, 19, 23
List the prime factors of 35682.
2, 3, 19, 313
What are the prime factors of 211?
211
List the prime factors of 28275.
3, 5, 13, 29
What are the prime factors of 2549?
2549
List the prime factors of 1126.
2, 563
What are the prime factors of 11641?
7, 1663
What are the prime factors of 1934?
2, 967
What are the prime factors of 2299?
11, 19
What are the prime factors of 73245?
3, 5, 19, 257
List the prime factors of 3556.
2, 7, 127
List the prime factors of 357.
3, 7, 17
List the prime factors of 5318.
2, 2659
What are the prime factors of 444?
2, 3, 37
What are the prime factors of 198528?
2, 3, 11, 47
What are the prime factors of 981?
3, 109
List the prime factors of 452.
2, 113
List the prime factors of 1025.
5, 41
What are the prime factors of 62826?
2, 3, 37, 283
What are the prime factors of 827?
827
What are the prime factors of 33692?
2, 8423
What are the prime factors of 135?
3, 5
What are the prime factors of 52454?
2, 26227
What are the prime factors of 2467?
2467
What are the prime 